**2 - s - 4. Let u be y(-7). Let o(i) = 5. Let a(j) = 6 - 2*j - 4*j + 7*j - 5. Let w(f) = -2*a(f) + o(f). Determine w(u).
-3
Let a = -14 + 42. Let r(h) = a*h**3 + h + h**2 - 8*h**3 - 50 + 49. What is r(1)?
21
Let g(a) = -a - 5. Let j be (6 - 13/2)*-6. Determine g(j).
-8
Let b(i) = -5*i + 1. Suppose -200 = 2*y - 196. What is b(y)?
11
Suppose 5*h + 5*y - 230 = 0, -h + 5*h + y - 184 = 0. Let b = -11 + h. Suppose -4*w - w = b. Let p(i) = -i - 4. Give p(w).
3
Let x(l) = 2*l. Let f be x(-2). Let b(j) = -2*j + 2365 - 2369 - 2*j. Calculate b(f).
12
Let f = 11 + -9. Let m(w) = -17 + 9 + 4 + w**f. What is m(3)?
5
Let t(g) = g**3 + 2*g**2 - 4*g + 2. Let j(o) = o**3 + o**2 - 4*o + 3. Let y(k) = 5*j(k) - 4*t(k). Determine y(4).
7
Let v(f) = -f**3 + 5*f**2 + 6*f - 7. Let n be (29 - 1)/((-616)/(-154)). Determine v(n).
-63
Let k be (-8)/(-6)*(-3 + (-147)/(-28)). Let m(b) = 1049*b**2 + 6*b**k + 1 - 4*b + 7*b - b - 1047*b**2. Determine m(-1).
-5
Suppose 4*b = 2*s + 20, 0*s - 31 = -5*b + 4*s. Suppose 40 = -31*f + 164. Suppose 2*z + 5*r = 2*r + 11, -z - b*r = -f. Let j(m) = m**2 - 7*m - 5. Calculate j(z).
-5
Let z(g) = 6*g**3 - 27*g**2 - 3*g - 2. Let n(s) = -5*s**3 + 23*s**2 + 2*s + 1. Let t(a) = -5*n(a) - 4*z(a). What is t(7)?
17
Let m(n) = -8*n - 102. Let x be m(-13). Let h(p) be the first derivative of -p**3 + p**2 + p - 4. Let a(g) be the first derivative of h(g). Give a(x).
-10
Suppose -5*w = 5, 5*z - 6*w + 3*w + 27 = 0. Let m(o) = -o. Let x(i) = -23*i + 5 + 3 + 22*i. Let g(n) = -2*m(n) + x(n). Give g(z).
2
Let a(f) be the second derivative of -f**4/12 - f**3/6 + f**2/2 - f. Let u(q) = -q**3 - 4*q**2 + 9*q + 5. Let g(d) = a(d) + u(d). Determine g(-6).
-6
Let a = -48 - -20. Let g = -26 - a. Let p(n) = -n**3 + 2*n - 2. Determine p(g).
-6
Suppose 0 = 12*p - 11*p - 7. Suppose 0 = -j + 1 - p. Let y(n) = n**3 + 6*n**2 - n - 6. Calculate y(j).
0
Suppose 5*k - 5 = 5*q, 4*q + 15*k - 12*k = -4. Let u(t) be the second derivative of 5*t**4/12 - t. Determine u(q).
5
Let q(i) = -i**2. Let a(w) = 7*w**2 - 2*w + 1. Let j be (-121)/77 + (-4)/(-7). Let y(m) = j*q(m) - a(m). Let p be y(1). Let n(g) = -2*g - 5. Give n(p).
5
Let w(u) = -130*u**2 + u - 6*u + 129*u**2 - 3. What is w(-6)?
-9
Let n(u) be the second derivative of -u**5/20 - u**4/4 - u**3/3 - u**2 - 29*u. Determine n(-2).
-2
Let k(d) = -d**3 + 2*d**2 + 4*d + 3. Let o = 723 - 719. Determine k(o).
-13
Let v(n) = 3*n**2 + 4*n - 4. Let y be v(-4). Let r = y + -20. Let f(d) = -3*d + r*d + 2 - 4*d. Calculate f(3).
5
Let p(k) = 9*k + 2. Let n be 82/6 + 6/18. Suppose 11 = 3*u - 10. Suppose 3*x - u*x = 5*i + n, -3*x - 13 = 5*i. What is p(i)?
-16
Let g(s) = s**3 + 5*s**2 + 4*s. Let r be 5/(-10) - 22/(-4). Suppose -c + 4*c = -5*q, -10 = -5*q - r*c. Determine g(q).
6
Suppose -5*d - 25 = 0, d = 3*v + 5*d + 14. Let i(s) = 27*s - 3 - 26*s + v. What is i(4)?
3
Let u = -966 + 971. Let d(w) be the third derivative of 0*w**u - 1/12*w**4 + 2*w**2 + 1/10*w**6 + 0 + 1/6*w**3 + 0*w. Give d(1).
11
Let g(y) = -2*y**2 - y + 7. Let x = 44 - 44. Let c be g(x). Let f(h) = h**3 - 8*h**2 + 7*h + 9. Determine f(c).
9
Suppose -11 - 13 = 4*a. Let x(k) = -3*k + 14. Let j(p) = -p + 5. Let h(o) = a*x(o) + 17*j(o). Give h(5).
6
Let b(r) = -r**2 + r + r + 16 - r - 7. Let s be b(4). Let d(c) = c**2 + 7*c. Let l(m) = m**2 + 8*m - 1. Let k(x) = -4*d(x) + 3*l(x). Determine k(s).
0
Let o = -14 + 13. Let x be (o - -1) + 2 + 0. Let j(q) = x*q - 9 - 4*q + q**2 + q - 1. Give j(0).
-10
Suppose 5*i - 2*i = 42. Let r = -8 + i. Let t(u) = -2*u + 9. Calculate t(r).
-3
Let m(h) = 3 + 379*h - 1 - 8 - 378*h. Determine m(7).
1
Let z be -1 + -6 - 602/(-84). Let k(n) be the third derivative of -5*n**2 - 3/8*n**4 + 0*n - z*n**3 + 0. Give k(1).
-10
Suppose 4*f = 12 - 20. Let u(y) = -15*y + 1. What is u(f)?
31
Suppose -5*z + b = -375, 4*b + 13 + 81 = z. Let t be 2/7 - z/14. Let h(v) be the third derivative of -v**5/60 - 7*v**4/24 - v**3 - 166*v**2 - 1. Determine h(t).
4
Let l(b) = b + 12*b + 7 - 7*b - 5*b. Suppose 4*c = -3*n - 3, 4*n + 4*c = 6*c - 26. Give l(n).
2
Suppose -380 + 420 = 10*r. Let b(p) = -p**3 + 4*p**2 + p - 7. Calculate b(r).
-3
Let b be (-4)/(-6)*3 - (10 - 0). Let i(v) = -v - 2. What is i(b)?
6
Let o = 36 + -37. Let h(t) = 5*t**2 + t. Let c be h(o). Let f(j) = -2*j - 7 - c + 10. Give f(1).
-3
Let o(q) be the second derivative of q**7/840 - q**6/120 - q**5/60 - q**4/8 + 16*q**3/3 + 5*q. Let n(x) be the second derivative of o(x). What is n(4)?
5
Let i(b) = -b**2 + 11*b - 10. Let x(d) = 3*d**3 - 36*d**2 - 3*d + 43. Let j be x(12). Give i(j).
18
Let s(j) = -8*j - 19. Let p(o) = o + 4. Let v(i) = 14*p(i) + 2*s(i). Give v(15).
-12
Let y(h) = -h**2 + 7*h + 8. Suppose -6*z - z + 140 = 0. Suppose -22*p = -z*p - 14. Determine y(p).
8
Let k(p) = -5*p**3 + 16*p**2 + 17*p + 7. Let w(b) = b**3 - 4*b**2 - 4*b - 2. Let j(r) = -2*k(r) - 9*w(r). Determine j(-3).
7
Let x(r) = r**3 + 6*r**2 - 2*r + 6. Let n(u) = -u**2 + 20*u - 104. Let g be n(9). What is x(g)?
41
Let l(n) be the second derivative of n**5/20 - n**3/6 + 2*n**2 - 10*n + 4. Calculate l(0).
4
Let n be (-58)/87*36/(-8). Let k(j) be the first derivative of 4/3*j**n + 1/4*j**4 - 2*j**2 + 2*j - 12. What is k(-5)?
-3
Let j = -28 - -56. Let d = j - 22. Let p(r) = -2*r + 5. Determine p(d).
-7
Let y(l) be the third derivative of l**5/60 - 11*l**4/24 + 2*l**3 - 12*l**2 - 4. Calculate y(10).
2
Suppose 45 = -8*o + 5*o. Let r be 2/(-5) + (-21)/o. Let w be ((-1)/2)/(r/(-2)). Let u(s) = 7*s + 1. What is u(w)?
8
Let c(i) = 2*i**2 - i - 4. Let w be c(3). Suppose 4*u - w = 1. Let r(p) = p**2 - p + 2. Give r(u).
8
Let u(f) be the third derivative of -f**9/60480 + f**8/6720 + f**7/2520 + f**6/180 - f**5/6 + 12*f**2. Let n(r) be the third derivative of u(r). Give n(3).
10
Let t(a) = -36*a**2 + 18*a + 9. Let p(k) = -18*k**2 + 8*k + 4. Let o(c) = -9*p(c) + 4*t(c). Calculate o(-1).
18
Let n(w) be the third derivative of -w**3/6 + 8*w**2. Let i(s) = -s**2 + 3. Let a(v) = i(v) + n(v). Suppose -2*z + 8 = 5*q - 3, 4*z + 2 = -2*q. What is a(z)?
-2
Let w be (-2)/4 + 1/2. Let v(r) = 716 - 1398 + r + 697 - r**2 + r**3. Determine v(w).
15
Let s(i) = -3*i**3 - 5*i**2 - 2*i - 2. Let x(y) = -7*y**3 - 10*y**2 - 4*y - 5. Let u(f) = -5*s(f) + 2*x(f). Let b = -5 + 2. Give u(b).
12
Let i(o) = 14*o**3 - 2*o**2 + 2*o - 1. Let x be 0*(-3)/12*2. Let d be (-1)/((-2 - x)/(-2)). Let b be (d/(-4))/((-5)/(-20)). Calculate i(b).
13
Let p(d) = 8*d - 3. Let o(w) = w - 1. Let s(r) = 7*o(r) - p(r). Determine s(9).
-13
Let g(j) be the third derivative of j**6/120 + 7*j**5/60 - 5*j**4/12 - 4*j**3 - 42*j**2 - 4. Determine g(-8).
-8
Suppose -3*m + 3 + 15 = 0. Let d(k) be the third derivative of k**4/24 - 7*k**3/6 - 59*k**2. Give d(m).
-1
Suppose 70 = 4*v + 10*v. Let s(c) = -c**2 + c - 9. Give s(v).
-29
Let y = 21 - -14. Let h = y + -60. Let j = 30 + h. Let d(w) = -w**2 + 7*w - 6. Give d(j).
4
Let y be 2/(-16) - 0 - (-627)/88. Let k(a) = -18 + 4*a + y*a + 8*a - 20*a. Let s be (0 - -1)*(2 + -2). What is k(s)?
-18
Let l(f) = 7*f**3 + 2*f + f**2 - 3*f**2 + 25 - 52 + 0*f**3 + 24. Determine l(2).
49
Let g(m) = 5*m + 10. Suppose 2*o + o + 18 = 3*a, 2*a - 8 = o. Calculate g(o).
-10
Let o(c) = -c - 1. Let p = -7 + 13. Let q(k) be the second derivative of -7*k**3/6 - 7*k**2 - k. Let w(x) = p*o(x) - q(x). Calculate w(-5).
3
Suppose 3*i - 2*i = 2. Suppose i*v - 3 = v. Let l(d) = -3 + 1 + 1 - v - 3*d. What is l(-3)?
5
Let a = 41 + -35. Let b(m) = -20 - 4*m**2 + a*m - m**3 + 11 + 4*m**2 - 6*m**2. Determine b(-7).
-2
Let a(q) be the third derivative of q**9/60480 + q**8/10080 - q**7/1680 - q**6/180 - q**5/4 - 15*q**2. Let r(o) be the third derivative of a(o). Give r(-3).
-4
Suppose 2*a = -5*r + 589, -4*r + 0*r - a + 470 = 0. Let b be -2 + (3/(-4) - r/36). Let u(t) = -t**2 - 3*t + 7. Determine u(b).
-11
Let q(a) = -27*a + 22. Let z(j) = -38*j + 32. Let p(x) = 7*q(x) - 5*z(x). Determine p(8).
2
Let c(d) = -d**2 - 3. Let q(m) = -6*m**2 - 4*m - 7. Let z(r) = 6*r**2 + 3*r + 6. Let o(w) = 5*q(w) + 6*z(w). Let b be o(1). Let x = -8 + b. Give c(x).
-12
Let x be (6/(-9))/(-4*8/24). Let g(z) be the first derivative of -1/3*z**3 - z - x*z**2 - 4. Determine g(-2).
-3
Let n(k) = -2*k + 3. Let w(a) = 11*a - 20. Let r(x) = 3*n(x) + w(x). Give r(4).
9
Let h = -88 - -94. Suppose -4*l - h = n, -4*n - 1 = 